
{"id":3,"date":"2024-02-20T16:38:24","date_gmt":"2024-02-20T15:38:24","guid":{"rendered":"https:\/\/new.maclon.com\/?page_id=3"},"modified":"2024-02-23T17:29:18","modified_gmt":"2024-02-23T16:29:18","slug":"privacy-policy","status":"publish","type":"page","link":"https:\/\/maclon.com\/index.php\/privacy-policy\/","title":{"rendered":"Privacy Policy"},"content":{"rendered":"\t\t<div data-elementor-type=\"wp-page\" data-elementor-id=\"3\" class=\"elementor elementor-3\">\n\t\t\t\t<div class=\"elementor-element elementor-element-35f1ec24 e-flex e-con-boxed e-con e-parent\" data-id=\"35f1ec24\" data-element_type=\"container\" data-core-v316-plus=\"true\">\n\t\t\t\t\t<div class=\"e-con-inner\">\n\t\t\t\t<div class=\"elementor-element elementor-element-7ec58311 elementor-widget elementor-widget-text-editor\" data-id=\"7ec58311\" data-element_type=\"widget\" data-widget_type=\"text-editor.default\">\n\t\t\t\t<div class=\"elementor-widget-container\">\n\t\t\t<style>\/*! elementor - v3.20.0 - 29-02-2024 *\/\n.elementor-widget-text-editor.elementor-drop-cap-view-stacked .elementor-drop-cap{background-color:#69727d;color:#fff}.elementor-widget-text-editor.elementor-drop-cap-view-framed .elementor-drop-cap{color:#69727d;border:3px solid;background-color:transparent}.elementor-widget-text-editor:not(.elementor-drop-cap-view-default) .elementor-drop-cap{margin-top:8px}.elementor-widget-text-editor:not(.elementor-drop-cap-view-default) .elementor-drop-cap-letter{width:1em;height:1em}.elementor-widget-text-editor .elementor-drop-cap{float:left;text-align:center;line-height:1;font-size:50px}.elementor-widget-text-editor .elementor-drop-cap-letter{display:inline-block}<\/style>\t\t\t\t<!-- wp:heading -->\n<h2><img fetchpriority=\"high\" decoding=\"async\" class=\"alignnone size-full wp-image-7151\" src=\"https:\/\/maclon.com\/wp-content\/uploads\/2024\/02\/privacy.jpg\" alt=\"\" width=\"1920\" height=\"828\" srcset=\"https:\/\/maclon.com\/wp-content\/uploads\/2024\/02\/privacy.jpg 1920w, https:\/\/maclon.com\/wp-content\/uploads\/2024\/02\/privacy-300x129.jpg 300w, https:\/\/maclon.com\/wp-content\/uploads\/2024\/02\/privacy-1024x442.jpg 1024w, https:\/\/maclon.com\/wp-content\/uploads\/2024\/02\/privacy-768x331.jpg 768w, https:\/\/maclon.com\/wp-content\/uploads\/2024\/02\/privacy-1536x662.jpg 1536w\" sizes=\"(max-width: 1920px) 100vw, 1920px\" \/><\/h2>\n<h2 class=\"wp-block-heading\">Informativa sul trattamento dei dati personali ex artt. 13-14 Reg.to UE 2016\/679<\/h2>\n<!-- \/wp:heading --><!-- wp:heading {\"level\":3} -->\n<h3 id=\"90510002\" class=\"wp-block-heading\">Soggetti Interessati: navigatori Sito Internet.<\/h3>\n<!-- \/wp:heading --><!-- wp:paragraph -->\n<p id=\"90510003\">Maclon S.r.l. nella qualit\u00e0 di Titolare del trattamento dei Suoi dati personali, ai sensi e per gli effetti del Reg.to UE 2016\/679 di seguito &#8216;GDPR&#8217;, con la presente La informa che la citata normativa prevede la tutela degli interessati rispetto al trattamento dei dati personali e che tale trattamento sar\u00e0 improntato ai principi di correttezza, liceit\u00e0, trasparenza e di tutela della Sua riservatezza e dei Suoi diritti.<\/p>\n<!-- \/wp:paragraph --><!-- wp:paragraph -->\n<p id=\"90510038\">I Suoi dati personali verranno trattati in accordo alle disposizioni legislative della normativa sopra richiamata e degli obblighi di riservatezza ivi previsti.<\/p>\n<!-- \/wp:paragraph --><!-- wp:paragraph -->\n<p id=\"90510079\">Finalit\u00e0 e base giuridica del trattamento: in particolare i Suoi dati saranno utilizzati per le seguenti finalit\u00e0 relative all\u2019esecuzione di misure connesse ad obblighi contrattuali o pre-contrattuali:<\/p>\n<!-- \/wp:paragraph --><!-- wp:list -->\n<ul><!-- wp:list-item -->\n<li>accesso tecnico e Funzionale al Sito nessun dato viene tenuto dopo la chiusura del Browser;<\/li>\n<!-- \/wp:list-item --><!-- wp:list-item -->\n<li>finalit\u00e0 di navigazione Evoluta o gestione dei contenuti personalizzata;<\/li>\n<!-- \/wp:list-item --><!-- wp:list-item -->\n<li>finalit\u00e0 Statistica e di Analisi della navigazione e degli utenti;<\/li>\n<!-- \/wp:list-item --><!-- wp:list-item -->\n<li>relazioni con il pubblico.<\/li>\n<!-- \/wp:list-item --><\/ul>\n<!-- \/wp:list --><!-- wp:paragraph -->\n<p id=\"90510039\">I Suoi dati personali potranno inoltre, previo suo consenso, essere utilizzati per le seguenti finalit\u00e0:<\/p>\n<!-- \/wp:paragraph --><!-- wp:list -->\n<ul><!-- wp:list-item -->\n<li>finalit\u00e0 di Marketing e Pubblicit\u00e0.<\/li>\n<!-- \/wp:list-item --><\/ul>\n<!-- \/wp:list --><!-- wp:paragraph -->\n<p id=\"90510040\">Il conferimento dei dati \u00e8 per Lei facoltativo riguardo alle sopraindicate finalit\u00e0, ed un suo eventuale rifiuto al trattamento non compromette la prosecuzione del rapporto o la congruit\u00e0 del trattamento stesso.<\/p>\n<!-- \/wp:paragraph --><!-- wp:paragraph -->\n<p id=\"90510041\">Modalit\u00e0 del trattamento. I suoi dati personali potranno essere trattati nei seguenti modi:<\/p>\n<!-- \/wp:paragraph --><!-- wp:list -->\n<ul><!-- wp:list-item -->\n<li>a mezzo calcolatori elettronici con utilizzo di sistemi software gestiti da Terzi;<\/li>\n<!-- \/wp:list-item --><!-- wp:list-item -->\n<li>a mezzo calcolatori elettronici con utilizzo di sistemi software gestiti o programmati direttamente;<\/li>\n<!-- \/wp:list-item --><!-- wp:list-item -->\n<li>trattamento temporaneo in Forma Anonima.<\/li>\n<!-- \/wp:list-item --><\/ul>\n<!-- \/wp:list --><!-- wp:paragraph -->\n<p id=\"90510008\">Ogni trattamento avviene nel rispetto delle modalit\u00e0 di cui agli artt. 6, 32 del GDPR e mediante l&#8217;adozione delle adeguate misure di sicurezza previste.<\/p>\n<!-- \/wp:paragraph --><!-- wp:paragraph -->\n<p id=\"90510010\">I suoi dati saranno trattati unicamente da personale espressamente autorizzato dal Titolare ed, in particolare, dalle seguenti categorie di personale autorizzato:<\/p>\n<!-- \/wp:paragraph --><!-- wp:list -->\n<ul><!-- wp:list-item -->\n<li>programmatori e Analisti;<\/li>\n<!-- \/wp:list-item --><!-- wp:list-item -->\n<li>Ufficio commerciale;<\/li>\n<!-- \/wp:list-item --><!-- wp:list-item -->\n<li>ufficio Marketing;<\/li>\n<!-- \/wp:list-item --><!-- wp:list-item -->\n<li>Ufficio tecnico.<\/li>\n<!-- \/wp:list-item --><\/ul>\n<!-- \/wp:list --><!-- wp:paragraph -->\n<p id=\"90510009\">Comunicazione: i suoi dati potranno essere comunicati a soggetti esterni per una corretta gestione del rapporto ed in particolare alle seguenti categorie di Destinatari tra cui tutti i Responsabili del Trattamento debitamente nominati:<\/p>\n<!-- \/wp:paragraph --><!-- wp:list -->\n<ul><!-- wp:list-item -->\n<li>Facebook: Servizio pubblicitario, Target pubblicitario, Personalizzazione dei contenuti;<\/li>\n<!-- \/wp:list-item --><!-- wp:list-item -->\n<li>Google: Servizio pubblicitario, Target pubblicitario, Analitica\/Misurazione, Personalizzazione dei contenuti, Ottimizzazione;<\/li>\n<!-- \/wp:list-item --><!-- wp:list-item -->\n<li>LinkedIn: Target pubblicitario, Analitica\/Misurazione, Personalizzazione dei contenuti;<\/li>\n<!-- \/wp:list-item --><!-- wp:list-item -->\n<li>subfornitori;<\/li>\n<!-- \/wp:list-item --><!-- wp:list-item -->\n<li>Twitter: Target pubblicitario, Analitica\/Misurazione, Personalizzazione dei contenuti;<\/li>\n<!-- \/wp:list-item --><!-- wp:list-item -->\n<li>YouTube: Servizio pubblicitario, Target pubblicitario, Analitica\/Misurazione, Personalizzazione dei contenuti, Ottimizzazione.<\/li>\n<!-- \/wp:list-item --><\/ul>\n<!-- \/wp:list --><!-- wp:paragraph -->\n<p id=\"90510042\">Diffusione: I suoi dati personali non verranno diffusi in alcun modo.<\/p>\n<!-- \/wp:paragraph --><!-- wp:paragraph -->\n<p id=\"90510044\">I suoi dati personali potranno inoltre essere trasferiti, limitatamente alle finalit\u00e0 sopra riportate, nei seguenti stati:<\/p>\n<!-- \/wp:paragraph --><!-- wp:list -->\n<ul><!-- wp:list-item -->\n<li>paesi UE;<\/li>\n<!-- \/wp:list-item --><!-- wp:list-item -->\n<li>Stati Uniti.<\/li>\n<!-- \/wp:list-item --><\/ul>\n<!-- \/wp:list --><!-- wp:paragraph -->\n<p id=\"90510034\">Periodo di Conservazione. Le segnaliamo che, nel rispetto dei principi di liceit\u00e0, limitazione delle finalit\u00e0 e minimizzazione dei dati, ai sensi dell\u2019art. 5 del GDPR, il periodo di conservazione dei Suoi dati personali \u00e8:<\/p>\n<!-- \/wp:paragraph --><!-- wp:list -->\n<ul><!-- wp:list-item -->\n<li>stabilito per un arco di tempo non superiore all&#8217;espletamento dei servizi erogati.<\/li>\n<!-- \/wp:list-item --><\/ul>\n<!-- \/wp:list --><!-- wp:paragraph -->\n<p id=\"90510048\">Titolare: il Titolare del trattamento dei dati, ai sensi della Legge, \u00e8 Maclon S.r.l. (via Momolo Bonfanti Palazzi 11, 23807 Merate (LC), P. IVA 03749760132) nella persona del suo legale rappresentante pro tempore.<\/p>\n<!-- \/wp:paragraph --><!-- wp:paragraph -->\n<p id=\"90510013\">Lei ha diritto di ottenere dal titolare la cancellazione (diritto all&#8217;oblio), la limitazione, l&#8217;aggiornamento, la rettificazione, la portabilit\u00e0, l&#8217;opposizione al trattamento dei dati personali che La riguardano, nonch\u00e9 in generale pu\u00f2 esercitare tutti i diritti previsti dagli artt. 15, 16, 17, 18, 19, 20, 21, 22 del GDPR.<\/p>\n<!-- \/wp:paragraph --><!-- wp:heading {\"level\":3} -->\n<h3 id=\"90510019\" class=\"wp-block-heading\">Reg.to UE 2016\/679: Artt. 15, 16, 17, 18, 19, 20, 21, 22 &#8211; Diritti dell&#8217;Interessato<\/h3>\n<!-- \/wp:heading --><!-- wp:paragraph -->\n<p id=\"90510020\">1. L&#8217;interessato ha diritto di ottenere la conferma dell&#8217;esistenza o meno di dati personali che lo riguardano, anche se non ancora registrati, la loro comunicazione in forma intelligibile e la possibilit\u00e0 di effettuare reclamo presso l\u2019Autorit\u00e0 di controllo.<\/p>\n<!-- \/wp:paragraph --><!-- wp:paragraph -->\n<p id=\"90510021\">2. L&#8217;interessato ha diritto di ottenere l&#8217;indicazione:<\/p>\n<!-- \/wp:paragraph --><!-- wp:list {\"ordered\":true,\"type\":\"lower-alpha\"} -->\n<ol style=\"list-style-type: lower-alpha;\"><!-- wp:list-item -->\n<li>dell&#8217;origine dei dati personali;<\/li>\n<!-- \/wp:list-item --><!-- wp:list-item -->\n<li>delle finalit\u00e0 e modalit\u00e0 del trattamento;<\/li>\n<!-- \/wp:list-item --><!-- wp:list-item -->\n<li>della logica applicata in caso di trattamento effettuato con l&#8217;ausilio di strumenti elettronici;<\/li>\n<!-- \/wp:list-item --><!-- wp:list-item -->\n<li>degli estremi identificativi del titolare, dei responsabili e del rappresentante designato ai sensi dell&#8217;articolo 5, comma 2;<\/li>\n<!-- \/wp:list-item --><!-- wp:list-item -->\n<li>dei soggetti o delle categorie di soggetti ai quali i dati personali possono essere comunicati o che possono venirne a conoscenza in qualit\u00e0 di rappresentante designato nel territorio dello Stato, di responsabili o incaricati.<\/li>\n<!-- \/wp:list-item --><\/ol>\n<!-- \/wp:list --><!-- wp:paragraph -->\n<p id=\"90510025\">3. L&#8217;interessato ha diritto di ottenere:<\/p>\n<!-- \/wp:paragraph --><!-- wp:list {\"ordered\":true,\"type\":\"lower-alpha\"} -->\n<ol style=\"list-style-type: lower-alpha;\"><!-- wp:list-item -->\n<li>l&#8217;aggiornamento, la rettificazione ovvero, quando vi ha interesse, l&#8217;integrazione dei dati;<\/li>\n<!-- \/wp:list-item --><!-- wp:list-item -->\n<li>la cancellazione, la trasformazione in forma anonima o il blocco dei dati trattati in violazione di legge, compresi quelli di cui non \u00e8 necessaria la conservazione in relazione agli scopi per i quali i dati sono stati raccolti o successivamente trattati;<\/li>\n<!-- \/wp:list-item --><!-- wp:list-item -->\n<li>l&#8217;attestazione che le operazioni di cui alle lettere a) e b) sono state portate a conoscenza, anche per quanto riguarda il loro contenuto, di coloro ai quali i dati sono stati comunicati o diffusi, eccettuato il caso in cui tale adempimento si rivela impossibile o comporta un impiego di mezzi manifestamente sproporzionato rispetto al diritto tutelato;<\/li>\n<!-- \/wp:list-item --><!-- wp:list-item -->\n<li>la portabilit\u00e0 dei dati.<\/li>\n<!-- \/wp:list-item --><\/ol>\n<!-- \/wp:list --><!-- wp:paragraph -->\n<p id=\"90510027\">4. L&#8217;interessato ha diritto di opporsi, in tutto o in parte:<\/p>\n<!-- \/wp:paragraph --><!-- wp:list {\"ordered\":true,\"type\":\"lower-alpha\"} -->\n<ol style=\"list-style-type: lower-alpha;\"><!-- wp:list-item -->\n<li>per motivi legittimi al trattamento dei dati personali che lo riguardano, ancorch\u00e9 pertinenti allo scopo della raccolta;<\/li>\n<!-- \/wp:list-item --><!-- wp:list-item -->\n<li>al trattamento di dati personali che lo riguardano a fini di invio di materiale pubblicitario o di vendita diretta o per il compimento di ricerche di mercato o di comunicazione commerciale.<\/li>\n<!-- \/wp:list-item --><\/ol>\n<!-- \/wp:list -->\t\t\t\t\t\t<\/div>\n\t\t\t\t<\/div>\n\t\t\t\t\t<\/div>\n\t\t\t\t<\/div>\n\t\t\t\t<\/div>\n\t\t","protected":false},"excerpt":{"rendered":"<p>Informativa sul trattamento dei dati personali ex artt. 13-14 Reg.to UE 2016\/679 Soggetti Interessati: navigatori Sito Internet. Maclon S.r.l. nella qualit\u00e0 di Titolare del trattamento dei Suoi dati personali, ai sensi e per gli effetti del Reg.to UE 2016\/679 di seguito &#8216;GDPR&#8217;, con la presente La informa che la citata normativa prevede la tutela degli [&hellip;]<\/p>\n","protected":false},"author":1,"featured_media":0,"parent":0,"menu_order":0,"comment_status":"closed","ping_status":"closed","template":"","meta":{"_monsterinsights_skip_tracking":false,"_monsterinsights_sitenote_active":false,"_monsterinsights_sitenote_note":"","_monsterinsights_sitenote_category":0,"footnotes":""},"class_list":["post-3","page","type-page","status-publish","hentry"],"_links":{"self":[{"href":"https:\/\/maclon.com\/index.php\/wp-json\/wp\/v2\/pages\/3","targetHints":{"allow":["GET"]}}],"collection":[{"href":"https:\/\/maclon.com\/index.php\/wp-json\/wp\/v2\/pages"}],"about":[{"href":"https:\/\/maclon.com\/index.php\/wp-json\/wp\/v2\/types\/page"}],"author":[{"embeddable":true,"href":"https:\/\/maclon.com\/index.php\/wp-json\/wp\/v2\/users\/1"}],"replies":[{"embeddable":true,"href":"https:\/\/maclon.com\/index.php\/wp-json\/wp\/v2\/comments?post=3"}],"version-history":[{"count":8,"href":"https:\/\/maclon.com\/index.php\/wp-json\/wp\/v2\/pages\/3\/revisions"}],"predecessor-version":[{"id":7155,"href":"https:\/\/maclon.com\/index.php\/wp-json\/wp\/v2\/pages\/3\/revisions\/7155"}],"wp:attachment":[{"href":"https:\/\/maclon.com\/index.php\/wp-json\/wp\/v2\/media?parent=3"}],"curies":[{"name":"wp","href":"https:\/\/api.w.org\/{rel}","templated":true}]}}